or of 544 and 34?
34
What is the greatest common factor of 12 and 8478?
6
What is the highest common divisor of 21 and 129?
3
Calculate the greatest common factor of 200 and 260.
20
What is the greatest common divisor of 100 and 20?
20
Calculate the greatest common divisor of 5 and 10.
5
What is the greatest common factor of 62134 and 47?
47
What is the greatest common divisor of 32 and 28?
4
What is the highest common factor of 38 and 57?
19
Calculate the greatest common divisor of 98 and 574.
14
Calculate the highest common factor of 39 and 13.
13
Calculate the highest common divisor of 70 and 2870.
70
Calculate the highest common factor of 15 and 9.
3
What is the greatest common factor of 3 and 2469?
3
Calculate the highest common divisor of 1815 and 11.
11
Calculate the highest common factor of 8868 and 12.
12
Calculate the highest common factor of 57 and 38.
19
What is the greatest common factor of 639 and 126?
9
Calculate the highest common divisor of 50 and 18890.
10
Calculate the greatest common factor of 16674 and 21.
21
What is the highest common divisor of 156 and 52?
52
What is the greatest common factor of 87 and 2001?
87
Calculate the highest common divisor of 286 and 338.
26
Calculate the greatest common factor of 204 and 3.
3
What is the greatest common factor of 245 and 21?
7
Calculate the greatest common divisor of 90 and 50.
10
Calculate the greatest common divisor of 182 and 14.
14
What is the greatest common factor of 45 and 45?
45
Calculate the highest common factor of 63 and 1953.
63
What is the greatest common divisor of 80 and 620?
20
Calculate the highest common divisor of 27 and 108.
27
What is the greatest common factor of 759 and 825?
33
Calculate the highest common divisor of 9 and 1197.
9
What is the greatest common factor of 211 and 90097?
211
Calculate the highest common factor of 473 and 110.
11
What is the greatest common factor of 246 and 9?
3
What is the highest common divisor of 9 and 39?
3
Calculate the greatest common divisor of 316 and 12.
4
Calculate the highest common divisor of 111 and 518.
37
Calculate the greatest common divisor of 246 and 6806.
82
Calculate the greatest common factor of 32096 and 118.
118
What is the greatest common divisor of 1457 and 141?
47
Calculate the greatest common factor of 140 and 364.
28
Calculate the highest common divisor of 45 and 255.
15
What is the highest common factor of 2676 and 24?
12
Calculate the highest common factor of 924 and 1771.
77
Calculate the greatest common factor of 171 and 1179.
9
What is the highest common factor of 4070 and 220?
110
What is the highest common divisor of 53 and 22313?
53
What is the greatest common factor of 5252 and 52?
52
What is the highest common divisor of 3 and 2664?
3
Calculate the highest common divisor of 7850 and 50.
50
Calculate the highest common factor of 377 and 52.
13
What is the greatest common divisor of 216 and 16?
8
Calculate the greatest common factor of 258 and 6.
6
Calculate the greatest common divisor of 21 and 1344.
21
Calculate the greatest common factor of 138 and 48.
6
Calculate the highest common divisor of 4220 and 280.
20
What is the greatest common factor of 2263 and 93?
31
What is the highest common divisor of 22 and 1166?
22
Calculate the greatest common divisor of 26 and 7202.
26
What is the highest common divisor of 474 and 316?
158
What is the highest common factor of 1900 and 900?
100
Calculate the greatest common factor of 7268 and 92.
92
What is the highest common divisor of 1 and 22?
1
Calculate the greatest common factor of 2106 and 108.
54
What is the greatest common divisor of 108 and 232?
4
What is the greatest common divisor of 64 and 104?
8
Calculate the highest common factor of 32 and 20.
4
What is the highest common factor of 1817 and 23?
23
Calculate the highest common factor of 171 and 2413.
19
Calculate the greatest common factor of 25 and 925.
25
Calculate the highest common divisor of 65 and 1157.
13
Calculate the greatest common factor of 1368 and 168.
24
Calculate the greatest common divisor of 62 and 1023.
31
What is the greatest common factor of 178 and 8722?
178
What is the highest common factor of 720 and 1024?
16
What is the highest common divisor of 26 and 143?
13
Calculate the greatest common divisor of 40 and 200.
40
What is the greatest common factor of 1325 and 371?
53
Calculate the highest common divisor of 2448 and 432.
144
What is the greatest common factor of 55039 and 46?
23
What is the greatest common divisor of 66 and 297?
33
Calculate the greatest common factor of 6 and 412.
2
Calculate the highest common factor of 159 and 3.
3
What is the highest common divisor of 2 and 40?
2
Calculate the highest common factor of 1653 and 57.
57
Calculate the highest common divisor of 46 and 2438.
46
Calculate the greatest common divisor of 4914 and 162.
54
Calculate the greatest common factor of 1191 and 9.
3
What is the highest common divisor of 6545 and 55?
55
Calculate the greatest common divisor of 44 and 44.
44
What is the highest common factor of 7601 and 11?
11
What is the greatest common factor of 410 and 5?
5
What is the greatest common divisor of 35 and 13335?
35
Calculate the greatest common factor of 447 and 13857.
447
What is the highest common divisor of 2112 and 24?
24
What is the highest common divisor of 22 and 398?
2
What is the greatest common factor of 6815 and 235?
235
Calculate the greatest common factor of 843 and 21.
3
Calculate the highest common divisor of 18 and 1377.
9
Calculate the highest common divisor of 460 and 2484.
92
What is the highest common factor of 120 and 40?
40
What is the highest common divisor of 99 and 7029?
99
Calculate the highest common divisor of 6 and 1059.
3
What is the greatest common divisor of 99 and 11?
11
What is the highest common divisor of 3234 and 294?
294
Calculate the greatest common factor of 226 and 2.
2
What is the greatest common factor of 111465 and 15?
15
What is the highest common divisor of 54 and 2568?
6
What is the greatest common divisor of 590 and 90?
10
What is the highest common divisor of 11 and 7?
1
Calculate the highest common divisor of 231 and 429.
33
What is the greatest common factor of 3968 and 527?
31
Calculate the highest common divisor of 8560 and 32.
16
What is the greatest common factor of 128 and 24?
8
Calculate the greatest common divisor of 1990 and 190.
10
Calculate the highest common divisor of 35 and 56.
7
Calculate the greatest common factor of 2 and 8.
2
Calculate the greatest common factor of 6 and 174.
6
What is the greatest common factor of 14527 and 199?
199
What is the highest common factor of 26 and 13?
13
What is the greatest common divisor of 1259 and 2?
1
Calculate the highest common factor of 7 and 70.
7
Calculate the highest common factor of 106 and 44891.
53
Calculate the greatest common factor of 16163 and 14.
7
Calculate the greatest common divisor of 2951 and 13.
13
Calculate the highest common divisor of 265 and 424.
53
Calculate the highest common factor of 7540 and 156.
52
Calculate the greatest common divisor of 63 and 791.
7
What is the highest common factor of 497 and 213?
71
Calculate the greatest common factor of 875 and 1225.
175
What is the highest common factor of 152 and 19?
19
Calculate the highest common factor of 27252 and 4.
4
What is the highest common divisor of 189 and 135?
27
What is the highest common divisor of 84 and 1281?
21
Calculate the greatest common factor of 1675 and 1072.
67
What is the highest common factor of 22 and 550?
22
What is the highest common factor of 493 and 261?
29
Calculate the greatest common divisor of 36 and 18.
18
Calculate the greatest common divisor of 567 and 2.
1
Calculate the greatest common divisor of 747 and 1251.
9
Calculate the highest common divisor of 351 and 117.
117
What is the highest common divisor of 720 and 42?
6
Calculate the greatest common factor of 309 and 6.
3
What is the highest common factor of 153 and 17?
17
What is the greatest common divisor of 4 and 524?
4
Calculate the highest common divisor of 1218 and 377.
29
Calculate the greatest common divisor of 11 and 347.
1
What is the greatest common factor of 186 and 62?
62
Calculate the greatest common factor of 305 and 2623.
61
What i